{"id":21261,"date":"2019-10-26T00:58:30","date_gmt":"2019-10-25T22:58:30","guid":{"rendered":"https:\/\/www.warak.com\/estudio-viabilidad-vertical\/"},"modified":"2025-09-30T11:30:34","modified_gmt":"2025-09-30T09:30:34","slug":"estudio-viabilidad-vertical","status":"publish","type":"page","link":"https:\/\/www.warak.com\/ca\/estudio-viabilidad-vertical\/","title":{"rendered":"Estudi de viabilitat"},"content":{"rendered":"<div class=\"vgblk-rw-wrapper limit-wrapper\">\n\n\t<h1>\u00bfLa seva empresa compleix els requisits per tenir un<br \/>\n<strong>magatzem vertical?<\/strong><\/h1>\n<h3>\n\tEstudi de viabilitat en 3 setmanes.\n\t<\/h3>\n\tRealitzem un estudi de viabilitat basat en dades reals de producci\u00f3 i la seva f\u00e0brica; en 3 setmanes calculem el cost que li pot suposar fer el canvi d&#8217;un sistema horitzontal al magatzematge vertical.\nA partir de <strong>50M de m2 <\/strong>produits per any, els nostres c\u00e0lculs estimen un retorn r\u00e0pid de la inversi\u00f3. Per saber m\u00e9s detalls, posis en contacte amb el nostre departament comerial i demani un <a href=\"https:\/\/www.warak.com\/contacto\/\"><strong>\u00a0informe de viabilidad<\/strong><\/a> de la seva empresa.\n\t\t\t\t\t\t\t<img fetchpriority=\"high\" fetchpriority=\"high\" decoding=\"async\" src=\"https:\/\/www.warak.com\/wp-content\/uploads\/2019\/09\/Logistica-4.jpg\" alt=\"estudio viabilidad vertical\" itemprop=\"image\" height=\"1080\" width=\"1920\" title=\"Vertical storage for corrugated\" onerror=\"this.style.display='none'\"  sizes=\"(max-width: 768px) 100vw, 100vw\" srcset=\"https:\/\/www.warak.com\/wp-content\/uploads\/2019\/09\/Logistica-4.jpg 1920w, https:\/\/www.warak.com\/wp-content\/uploads\/2019\/09\/Logistica-4-630x354.jpg 630w, https:\/\/www.warak.com\/wp-content\/uploads\/2019\/09\/Logistica-4-300x169.jpg 300w, https:\/\/www.warak.com\/wp-content\/uploads\/2019\/09\/Logistica-4-768x432.jpg 768w, https:\/\/www.warak.com\/wp-content\/uploads\/2019\/09\/Logistica-4-1024x576.jpg 1024w, https:\/\/www.warak.com\/wp-content\/uploads\/2019\/09\/Logistica-4-1260x709.jpg 1260w, https:\/\/www.warak.com\/wp-content\/uploads\/2019\/09\/Logistica-4-420x236.jpg 420w, https:\/\/www.warak.com\/wp-content\/uploads\/2019\/09\/Logistica-4-840x473.jpg 840w, https:\/\/www.warak.com\/wp-content\/uploads\/2019\/09\/Logistica-4-315x177.jpg 315w\" \/>\t\t\t\t\t\t\t\n\t<h2>\u00bfQuin \u00e9s el seu cost<br \/>\n<strong>d&#8217;oportunitat?<\/strong><\/h2>\n<h3>\n\tReducci\u00f3 de costos i mermes.\n\t<\/h3>\n\tEl nostre c\u00e0lcul es basa en la reducci\u00f3 de costos i merma al passar d&#8217;un <strong>sistema tradicional al vertical.<\/strong>\nEls processos inefica\u00e7os generen despeses de producci\u00f3, que s&#8217;incrementen en la mateixa mesura que augmenten els nivells de producci\u00f3.\u00a0 Mantenir un sistema tradicional pot costar molts diners a la seva empresa, cada dia&#8230;\nEl nostre estudi li dir\u00e0 quines s\u00f3n les quantitats en detall, tanmateix como ho podria millora canviant al sistema vertical.\n\t\t\t\t\t\t\t<img decoding=\"async\" src=\"https:\/\/www.warak.com\/wp-content\/uploads\/2019\/10\/Coste-de-oportunidad.jpg\" alt=\"viabilidad vertical\" itemprop=\"image\" height=\"1280\" width=\"1920\" title=\"Coste-de-oportunidad\" onerror=\"this.style.display='none'\"  sizes=\"(max-width: 768px) 100vw, 100vw\" srcset=\"https:\/\/www.warak.com\/wp-content\/uploads\/2019\/10\/Coste-de-oportunidad.jpg 1920w, https:\/\/www.warak.com\/wp-content\/uploads\/2019\/10\/Coste-de-oportunidad-630x420.jpg 630w, https:\/\/www.warak.com\/wp-content\/uploads\/2019\/10\/Coste-de-oportunidad-300x200.jpg 300w, https:\/\/www.warak.com\/wp-content\/uploads\/2019\/10\/Coste-de-oportunidad-768x512.jpg 768w, https:\/\/www.warak.com\/wp-content\/uploads\/2019\/10\/Coste-de-oportunidad-1024x683.jpg 1024w, https:\/\/www.warak.com\/wp-content\/uploads\/2019\/10\/Coste-de-oportunidad-1260x840.jpg 1260w, https:\/\/www.warak.com\/wp-content\/uploads\/2019\/10\/Coste-de-oportunidad-420x280.jpg 420w, https:\/\/www.warak.com\/wp-content\/uploads\/2019\/10\/Coste-de-oportunidad-840x560.jpg 840w, https:\/\/www.warak.com\/wp-content\/uploads\/2019\/10\/Coste-de-oportunidad-315x210.jpg 315w\" \/>\t\t\t\t\t\t\t\n\t<h2>Altres<br \/>\n<strong>avantatges.<\/strong><\/h2>\n<h3>\n\tControl de stock i planificaci\u00f3.\n\t<\/h3>\n\tLa nostra experi\u00e8ncia ens ha ensenyat que a m\u00e9s de la reducci\u00f3 de costos, mermes i augment de la seguretat a la planta, els nostres clients han experimentat <strong>millores a la planificaci\u00f3 i una reducci\u00f3 de les no conformitats de qualitat<\/strong>, gr\u00e0cies al control total de l&#8217;stock en temps real.\n\t\t\t\t\t\t\t<img decoding=\"async\" src=\"https:\/\/www.warak.com\/wp-content\/uploads\/2022\/04\/Ingenieria-Warak-1920x832px-06.jpg\" alt=\"Ingenieria-Warak-1920x832px-06\" itemprop=\"image\" height=\"477\" width=\"846\" title=\"Ingenieria-Warak-1920x832px-06\" onerror=\"this.style.display='none'\"  sizes=\"(max-width: 768px) 100vw, 100vw\" srcset=\"https:\/\/www.warak.com\/wp-content\/uploads\/2022\/04\/Ingenieria-Warak-1920x832px-06.jpg 846w, https:\/\/www.warak.com\/wp-content\/uploads\/2022\/04\/Ingenieria-Warak-1920x832px-06-630x355.jpg 630w, https:\/\/www.warak.com\/wp-content\/uploads\/2022\/04\/Ingenieria-Warak-1920x832px-06-300x169.jpg 300w, https:\/\/www.warak.com\/wp-content\/uploads\/2022\/04\/Ingenieria-Warak-1920x832px-06-420x237.jpg 420w, https:\/\/www.warak.com\/wp-content\/uploads\/2022\/04\/Ingenieria-Warak-1920x832px-06-840x474.jpg 840w, https:\/\/www.warak.com\/wp-content\/uploads\/2022\/04\/Ingenieria-Warak-1920x832px-06-315x178.jpg 315w\" \/>\t\t\t\t\t\t\t\n\n<\/div><!-- .vgblk-rw-wrapper -->","protected":false},"excerpt":{"rendered":"<p>\u00bfLa seva empresa compleix els requisits per tenir un magatzem vertical? Estudi de viabilitat en 3 setmanes. Realitzem un estudi de viabilitat basat en dades reals de producci\u00f3 i la&#8230;<\/p>\n","protected":false},"author":1,"featured_media":0,"parent":0,"menu_order":0,"comment_status":"closed","ping_status":"closed","template":"","meta":{"inline_featured_image":false,"_price":"","_stock":"","_tribe_ticket_header":"","_tribe_default_ticket_provider":"","_ticket_start_date":"","_ticket_end_date":"","_tribe_ticket_show_description":"","_tribe_ticket_show_not_going":false,"_tribe_ticket_use_global_stock":"","_tribe_ticket_global_stock_level":"","_global_stock_mode":"","_global_stock_cap":"","_tribe_rsvp_for_event":"","_tribe_ticket_going_count":"","_tribe_ticket_not_going_count":"","_tribe_tickets_list":"[]","_tribe_ticket_has_attendee_info_fields":false,"footnotes":""},"class_list":["post-21261","page","type-page","status-publish","hentry"],"_links":{"self":[{"href":"https:\/\/www.warak.com\/ca\/wp-json\/wp\/v2\/pages\/21261","targetHints":{"allow":["GET"]}}],"collection":[{"href":"https:\/\/www.warak.com\/ca\/wp-json\/wp\/v2\/pages"}],"about":[{"href":"https:\/\/www.warak.com\/ca\/wp-json\/wp\/v2\/types\/page"}],"author":[{"embeddable":true,"href":"https:\/\/www.warak.com\/ca\/wp-json\/wp\/v2\/users\/1"}],"replies":[{"embeddable":true,"href":"https:\/\/www.warak.com\/ca\/wp-json\/wp\/v2\/comments?post=21261"}],"version-history":[{"count":2,"href":"https:\/\/www.warak.com\/ca\/wp-json\/wp\/v2\/pages\/21261\/revisions"}],"predecessor-version":[{"id":25996,"href":"https:\/\/www.warak.com\/ca\/wp-json\/wp\/v2\/pages\/21261\/revisions\/25996"}],"wp:attachment":[{"href":"https:\/\/www.warak.com\/ca\/wp-json\/wp\/v2\/media?parent=21261"}],"curies":[{"name":"wp","href":"https:\/\/api.w.org\/{rel}","templated":true}]}}

<div class="vgblk-rw-wrapper limit-wrapper">

	<h1>¿La seva empresa compleix els requisits per tenir un<br />
<strong>magatzem vertical?</strong></h1>
<h3>
	Estudi de viabilitat en 3 setmanes.
	</h3>
	Realitzem un estudi de viabilitat basat en dades reals de producció i la seva fàbrica; en 3 setmanes calculem el cost que li pot suposar fer el canvi d&#8217;un sistema horitzontal al magatzematge vertical.
A partir de <strong>50M de m2 </strong>produits per any, els nostres càlculs estimen un retorn ràpid de la inversió. Per saber més detalls, posis en contacte amb el nostre departament comerial i demani un <a href="https://www.warak.com/contacto/"><strong> informe de viabilidad</strong></a> de la seva empresa.
							<img fetchpriority="high" fetchpriority="high" decoding="async" src="https://www.warak.com/wp-content/uploads/2019/09/Logistica-4.jpg" alt="estudio viabilidad vertical" itemprop="image" height="1080" width="1920" title="Vertical storage for corrugated" onerror="this.style.display='none'"  sizes="(max-width: 768px) 100vw, 100vw" srcset="https://www.warak.com/wp-content/uploads/2019/09/Logistica-4.jpg 1920w, https://www.warak.com/wp-content/uploads/2019/09/Logistica-4-630x354.jpg 630w, https://www.warak.com/wp-content/uploads/2019/09/Logistica-4-300x169.jpg 300w, https://www.warak.com/wp-content/uploads/2019/09/Logistica-4-768x432.jpg 768w, https://www.warak.com/wp-content/uploads/2019/09/Logistica-4-1024x576.jpg 1024w, https://www.warak.com/wp-content/uploads/2019/09/Logistica-4-1260x709.jpg 1260w, https://www.warak.com/wp-content/uploads/2019/09/Logistica-4-420x236.jpg 420w, https://www.warak.com/wp-content/uploads/2019/09/Logistica-4-840x473.jpg 840w, https://www.warak.com/wp-content/uploads/2019/09/Logistica-4-315x177.jpg 315w" />							
	<h2>¿Quin és el seu cost<br />
<strong>d&#8217;oportunitat?</strong></h2>
<h3>
	Reducció de costos i mermes.
	</h3>
	El nostre càlcul es basa en la reducció de costos i merma al passar d&#8217;un <strong>sistema tradicional al vertical.</strong>
Els processos ineficaços generen despeses de producció, que s&#8217;incrementen en la mateixa mesura que augmenten els nivells de producció.  Mantenir un sistema tradicional pot costar molts diners a la seva empresa, cada dia&#8230;
El nostre estudi li dirà quines són les quantitats en detall, tanmateix como ho podria millora canviant al sistema vertical.
							<img decoding="async" src="https://www.warak.com/wp-content/uploads/2019/10/Coste-de-oportunidad.jpg" alt="viabilidad vertical" itemprop="image" height="1280" width="1920" title="Coste-de-oportunidad" onerror="this.style.display='none'"  sizes="(max-width: 768px) 100vw, 100vw" srcset="https://www.warak.com/wp-content/uploads/2019/10/Coste-de-oportunidad.jpg 1920w, https://www.warak.com/wp-content/uploads/2019/10/Coste-de-oportunidad-630x420.jpg 630w, https://www.warak.com/wp-content/uploads/2019/10/Coste-de-oportunidad-300x200.jpg 300w, https://www.warak.com/wp-content/uploads/2019/10/Coste-de-oportunidad-768x512.jpg 768w, https://www.warak.com/wp-content/uploads/2019/10/Coste-de-oportunidad-1024x683.jpg 1024w, https://www.warak.com/wp-content/uploads/2019/10/Coste-de-oportunidad-1260x840.jpg 1260w, https://www.warak.com/wp-content/uploads/2019/10/Coste-de-oportunidad-420x280.jpg 420w, https://www.warak.com/wp-content/uploads/2019/10/Coste-de-oportunidad-840x560.jpg 840w, https://www.warak.com/wp-content/uploads/2019/10/Coste-de-oportunidad-315x210.jpg 315w" />							
	<h2>Altres<br />
<strong>avantatges.</strong></h2>
<h3>
	Control de stock i planificació.
	</h3>
	La nostra experiència ens ha ensenyat que a més de la reducció de costos, mermes i augment de la seguretat a la planta, els nostres clients han experimentat <strong>millores a la planificació i una reducció de les no conformitats de qualitat</strong>, gràcies al control total de l&#8217;stock en temps real.
							<img decoding="async" src="https://www.warak.com/wp-content/uploads/2022/04/Ingenieria-Warak-1920x832px-06.jpg" alt="Ingenieria-Warak-1920x832px-06" itemprop="image" height="477" width="846" title="Ingenieria-Warak-1920x832px-06" onerror="this.style.display='none'"  sizes="(max-width: 768px) 100vw, 100vw" srcset="https://www.warak.com/wp-content/uploads/2022/04/Ingenieria-Warak-1920x832px-06.jpg 846w, https://www.warak.com/wp-content/uploads/2022/04/Ingenieria-Warak-1920x832px-06-630x355.jpg 630w, https://www.warak.com/wp-content/uploads/2022/04/Ingenieria-Warak-1920x832px-06-300x169.jpg 300w, https://www.warak.com/wp-content/uploads/2022/04/Ingenieria-Warak-1920x832px-06-420x237.jpg 420w, https://www.warak.com/wp-content/uploads/2022/04/Ingenieria-Warak-1920x832px-06-840x474.jpg 840w, https://www.warak.com/wp-content/uploads/2022/04/Ingenieria-Warak-1920x832px-06-315x178.jpg 315w" />							

</div><!-- .vgblk-rw-wrapper -->

<p>¿La seva empresa compleix els requisits per tenir un magatzem vertical? Estudi de viabilitat en 3 setmanes. Realitzem un estudi de viabilitat basat en dades reals de producció i la&#8230;</p>
